{"id":15,"date":"2013-03-08T12:22:44","date_gmt":"2013-03-08T12:22:44","guid":{"rendered":"http:\/\/cralasabina.wordpress.com\/?page_id=15"},"modified":"2013-03-08T12:22:44","modified_gmt":"2013-03-08T12:22:44","slug":"nuestro-cra","status":"publish","type":"page","link":"https:\/\/www.cralasabina.es\/index.php\/nuestro-cra\/","title":{"rendered":"Nuestro CRA"},"content":{"rendered":"<p>El CRA La Sabina es un Centro Rural Agrupado con 5 localidades: Farlete, Monegrillo, Nuez de Ebro, Osera de Ebro y Villafranca de Ebro.<br \/>\nLa sede del CRA est\u00e1 en Villafranca de Ebro. Aqu\u00ed se encuentra la Secretar\u00eda y Direcci\u00f3n del CRA y es donde el claustro realiza sus reuniones de coordinaci\u00f3n.<br \/>\nLas localidades de Nuez de Ebro, Villafranca de Ebro y Osera de Ebro pertenecen a la mancomunidad de la margen izquierda del r\u00edo Ebro.<br \/>\nFarlete y Monegrillo est\u00e1n situados al pie de la sierra de Alcubierre, perteneciente a la comarca de los Monegros.<\/p>\n\n<div class=\"twitter-share\"><a href=\"https:\/\/twitter.com\/intent\/tweet?via=cralasabina\" class=\"twitter-share-button\">Twittear<\/a><\/div>\n","protected":false},"excerpt":{"rendered":"<p>El CRA La Sabina es un Centro Rural Agrupado con 5 localidades: Farlete, Monegrillo, Nuez de Ebro, Osera de Ebro y Villafranca de Ebro. La sede del CRA est\u00e1 en Villafranca de Ebro. Aqu\u00ed se encuentra la Secretar\u00eda y Direcci\u00f3n del CRA y es donde el claustro realiza sus reuniones de coordinaci\u00f3n. Las localidades de&hellip; <a href=\"https:\/\/www.cralasabina.es\/index.php\/nuestro-cra\/\" class=\"more-link\">Sigue leyendo <span class=\"screen-reader-text\">Nuestro CRA<\/span><\/a><\/p>\n","protected":false},"author":1,"featured_media":0,"parent":0,"menu_order":1,"comment_status":"closed","ping_status":"closed","template":"","meta":[],"tags":[],"_links":{"self":[{"href":"https:\/\/www.cralasabina.es\/index.php\/wp-json\/wp\/v2\/pages\/15"}],"collection":[{"href":"https:\/\/www.cralasabina.es\/index.php\/wp-json\/wp\/v2\/pages"}],"about":[{"href":"https:\/\/www.cralasabina.es\/index.php\/wp-json\/wp\/v2\/types\/page"}],"author":[{"embeddable":true,"href":"https:\/\/www.cralasabina.es\/index.php\/wp-json\/wp\/v2\/users\/1"}],"replies":[{"embeddable":true,"href":"https:\/\/www.cralasabina.es\/index.php\/wp-json\/wp\/v2\/comments?post=15"}],"version-history":[{"count":0,"href":"https:\/\/www.cralasabina.es\/index.php\/wp-json\/wp\/v2\/pages\/15\/revisions"}],"wp:attachment":[{"href":"https:\/\/www.cralasabina.es\/index.php\/wp-json\/wp\/v2\/media?parent=15"}],"wp:term":[{"taxonomy":"post_tag","embeddable":true,"href":"https:\/\/www.cralasabina.es\/index.php\/wp-json\/wp\/v2\/tags?post=15"}],"curies":[{"name":"wp","href":"https:\/\/api.w.org\/{rel}","templated":true}]}}

<p>El CRA La Sabina es un Centro Rural Agrupado con 5 localidades: Farlete, Monegrillo, Nuez de Ebro, Osera de Ebro y Villafranca de Ebro.<br />
La sede del CRA está en Villafranca de Ebro. Aquí se encuentra la Secretaría y Dirección del CRA y es donde el claustro realiza sus reuniones de coordinación.<br />
Las localidades de Nuez de Ebro, Villafranca de Ebro y Osera de Ebro pertenecen a la mancomunidad de la margen izquierda del río Ebro.<br />
Farlete y Monegrillo están situados al pie de la sierra de Alcubierre, perteneciente a la comarca de los Monegros.</p>

<div class="twitter-share"><a href="https://twitter.com/intent/tweet?via=cralasabina" class="twitter-share-button">Twittear</a></div>

<p>El CRA La Sabina es un Centro Rural Agrupado con 5 localidades: Farlete, Monegrillo, Nuez de Ebro, Osera de Ebro y Villafranca de Ebro. La sede del CRA está en Villafranca de Ebro. Aquí se encuentra la Secretaría y Dirección del CRA y es donde el claustro realiza sus reuniones de coordinación. Las localidades de&hellip; <a href="https://www.cralasabina.es/index.php/nuestro-cra/" class="more-link">Sigue leyendo <span class="screen-reader-text">Nuestro CRA</span></a></p>
