{"id":368,"date":"2014-03-19T06:48:31","date_gmt":"2014-03-19T06:48:31","guid":{"rendered":"http:\/\/cralasabina.wordpress.com\/?page_id=368"},"modified":"2025-06-27T08:56:08","modified_gmt":"2025-06-27T08:56:08","slug":"comedor","status":"publish","type":"page","link":"https:\/\/www.cralasabina.es\/index.php\/calendario-escolar\/secretaria\/comedor\/","title":{"rendered":"Comedor"},"content":{"rendered":"\n<p>Para apuntarse al&nbsp;<strong>COMEDOR ESCOLAR&nbsp;<\/strong>de Villafranca de Ebro o de Nuez de Ebro es necesario hacer la inscripci\u00f3n.<\/p>\n\n\n\n<p>Todas aquellas familias que quieran hacer uso del servicio de comedor en el curso 2025-2026 deber\u00e1n inscribirse hasta d\u00eda <strong>1 de septiembre<\/strong>\u00a0en secretar\u00eda, llamando por\u00a0<strong>tel\u00e9fono<\/strong>\u00a0al n\u00famero\u00a0<em>976167183<\/em>. Tambi\u00e9n se puede notificar a trav\u00e9s del\u00a0<strong>correo electr\u00f3nico<\/strong>\u00a0\u2013\u00a0<em>cralasabina@cralasabina.es<\/em>\u00a0\u2013 hasta el 1 de septiembre, especificando nombre, apellidos, localidad y fecha de inicio. Los nuevos usuarios deber\u00e1n enviar la Hoja de Inscripci\u00f3n. Aquellos alumnos\/as que ya han hecho la preinscripci\u00f3n no es necesario notificarlo de nuevo.<\/p>\n\n\n\n<ul>\n<li><a href=\"https:\/\/drive.google.com\/file\/d\/1FwLV8_GlJMTuOYll6LzNupbM-3zYvHyK\/view?usp=sharing\">Hoja de Inscripci\u00f3n comedor Villafranca de Ebro<\/a><\/li>\n\n\n\n<li><a href=\"https:\/\/drive.google.com\/file\/d\/1CQ690fwQmJsoXRW-h0hX9NydQDhpJDVf\/view?usp=sharing\">Hoja de Inscripci\u00f3n comedor Nuez de Ebro<\/a><\/li>\n<\/ul>\n\n\n\n<p>As\u00ed mismo, recordar que los que quieran hacer uso del comedor en&nbsp;<strong>octubre<\/strong>, tendr\u00e1n que inscribirse antes del d\u00eda&nbsp;<strong>15 de septiembre<\/strong>.<\/p>\n\n\n\n<p><em><a href=\"https:\/\/drive.google.com\/file\/d\/1l_iUeN9dbLPX55aLAeBYsm1FHaamaagQ\/view?usp=sharing\">Informaci\u00f3n comedor curso 2025-2026<\/a><\/em><\/p>\n\n<div class=\"twitter-share\"><a href=\"https:\/\/twitter.com\/intent\/tweet?via=cralasabina\" class=\"twitter-share-button\">Twittear<\/a><\/div>\n","protected":false},"excerpt":{"rendered":"<p>Para apuntarse al&nbsp;COMEDOR ESCOLAR&nbsp;de Villafranca de Ebro o de Nuez de Ebro es necesario hacer la inscripci\u00f3n. Todas aquellas familias que quieran hacer uso del servicio de comedor en el curso 2025-2026 deber\u00e1n inscribirse hasta d\u00eda 1 de septiembre\u00a0en secretar\u00eda, llamando por\u00a0tel\u00e9fono\u00a0al n\u00famero\u00a0976167183. Tambi\u00e9n se puede notificar a trav\u00e9s del\u00a0correo electr\u00f3nico\u00a0\u2013\u00a0cralasabina@cralasabina.es\u00a0\u2013 hasta el 1 de&hellip; <a href=\"https:\/\/www.cralasabina.es\/index.php\/calendario-escolar\/secretaria\/comedor\/\" class=\"more-link\">Sigue leyendo <span class=\"screen-reader-text\">Comedor<\/span><\/a><\/p>\n","protected":false},"author":1,"featured_media":0,"parent":356,"menu_order":1,"comment_status":"open","ping_status":"open","template":"","meta":[],"tags":[],"_links":{"self":[{"href":"https:\/\/www.cralasabina.es\/index.php\/wp-json\/wp\/v2\/pages\/368"}],"collection":[{"href":"https:\/\/www.cralasabina.es\/index.php\/wp-json\/wp\/v2\/pages"}],"about":[{"href":"https:\/\/www.cralasabina.es\/index.php\/wp-json\/wp\/v2\/types\/page"}],"author":[{"embeddable":true,"href":"https:\/\/www.cralasabina.es\/index.php\/wp-json\/wp\/v2\/users\/1"}],"replies":[{"embeddable":true,"href":"https:\/\/www.cralasabina.es\/index.php\/wp-json\/wp\/v2\/comments?post=368"}],"version-history":[{"count":11,"href":"https:\/\/www.cralasabina.es\/index.php\/wp-json\/wp\/v2\/pages\/368\/revisions"}],"predecessor-version":[{"id":7033,"href":"https:\/\/www.cralasabina.es\/index.php\/wp-json\/wp\/v2\/pages\/368\/revisions\/7033"}],"up":[{"embeddable":true,"href":"https:\/\/www.cralasabina.es\/index.php\/wp-json\/wp\/v2\/pages\/356"}],"wp:attachment":[{"href":"https:\/\/www.cralasabina.es\/index.php\/wp-json\/wp\/v2\/media?parent=368"}],"wp:term":[{"taxonomy":"post_tag","embeddable":true,"href":"https:\/\/www.cralasabina.es\/index.php\/wp-json\/wp\/v2\/tags?post=368"}],"curies":[{"name":"wp","href":"https:\/\/api.w.org\/{rel}","templated":true}]}}

<p>Para apuntarse al&nbsp;<strong>COMEDOR ESCOLAR&nbsp;</strong>de Villafranca de Ebro o de Nuez de Ebro es necesario hacer la inscripción.</p>



<p>Todas aquellas familias que quieran hacer uso del servicio de comedor en el curso 2025-2026 deberán inscribirse hasta día <strong>1 de septiembre</strong> en secretaría, llamando por <strong>teléfono</strong> al número <em>976167183</em>. También se puede notificar a través del <strong>correo electrónico</strong> – <em>cralasabina@cralasabina.es</em> – hasta el 1 de septiembre, especificando nombre, apellidos, localidad y fecha de inicio. Los nuevos usuarios deberán enviar la Hoja de Inscripción. Aquellos alumnos/as que ya han hecho la preinscripción no es necesario notificarlo de nuevo.</p>



<ul>
<li><a href="https://drive.google.com/file/d/1FwLV8_GlJMTuOYll6LzNupbM-3zYvHyK/view?usp=sharing">Hoja de Inscripción comedor Villafranca de Ebro</a></li>



<li><a href="https://drive.google.com/file/d/1CQ690fwQmJsoXRW-h0hX9NydQDhpJDVf/view?usp=sharing">Hoja de Inscripción comedor Nuez de Ebro</a></li>
</ul>



<p>Así mismo, recordar que los que quieran hacer uso del comedor en&nbsp;<strong>octubre</strong>, tendrán que inscribirse antes del día&nbsp;<strong>15 de septiembre</strong>.</p>



<p><em><a href="https://drive.google.com/file/d/1l_iUeN9dbLPX55aLAeBYsm1FHaamaagQ/view?usp=sharing">Información comedor curso 2025-2026</a></em></p>

<div class="twitter-share"><a href="https://twitter.com/intent/tweet?via=cralasabina" class="twitter-share-button">Twittear</a></div>

<p>Para apuntarse al&nbsp;COMEDOR ESCOLAR&nbsp;de Villafranca de Ebro o de Nuez de Ebro es necesario hacer la inscripción. Todas aquellas familias que quieran hacer uso del servicio de comedor en el curso 2025-2026 deberán inscribirse hasta día 1 de septiembre en secretaría, llamando por teléfono al número 976167183. También se puede notificar a través del correo electrónico – cralasabina@cralasabina.es – hasta el 1 de&hellip; <a href="https://www.cralasabina.es/index.php/calendario-escolar/secretaria/comedor/" class="more-link">Sigue leyendo <span class="screen-reader-text">Comedor</span></a></p>
