{"id":540,"date":"2014-04-10T11:13:18","date_gmt":"2014-04-10T11:13:18","guid":{"rendered":"http:\/\/cralasabina.wordpress.com\/?page_id=540"},"modified":"2026-04-30T07:42:17","modified_gmt":"2026-04-30T07:42:17","slug":"menu","status":"publish","type":"page","link":"https:\/\/www.cralasabina.es\/index.php\/calendario-escolar\/secretaria\/comedor\/menu\/","title":{"rendered":"Men\u00fa"},"content":{"rendered":"\n<p><a href=\"https:\/\/drive.google.com\/file\/d\/1OPiIsvONTRmWE_Ye8upiTL9SIZrR8v_A\/view?usp=sharing\">Men\u00fa 3-8 a\u00f1os. Mayo 2026<\/a><\/p>\n\n\n\n<p><a href=\"https:\/\/drive.google.com\/file\/d\/1xDJj00fhuQoVLahDtDLFcs4DbkRcM29v\/view?usp=sharing\">Men\u00fa 9-13 a\u00f1os. Mayo 2026<\/a><\/p>\n\n\n\n<p><\/p>\n\n\n\n<p><\/p>\n\n\n\n<p><\/p>\n\n\n\n<p><\/p>\n\n<div class=\"twitter-share\"><a href=\"https:\/\/twitter.com\/intent\/tweet?via=cralasabina\" class=\"twitter-share-button\">Twittear<\/a><\/div>\n","protected":false},"excerpt":{"rendered":"<p>Men\u00fa 3-8 a\u00f1os. Mayo 2026 Men\u00fa 9-13 a\u00f1os. Mayo 2026<\/p>\n","protected":false},"author":1,"featured_media":0,"parent":368,"menu_order":1,"comment_status":"open","ping_status":"open","template":"","meta":[],"tags":[],"_links":{"self":[{"href":"https:\/\/www.cralasabina.es\/index.php\/wp-json\/wp\/v2\/pages\/540"}],"collection":[{"href":"https:\/\/www.cralasabina.es\/index.php\/wp-json\/wp\/v2\/pages"}],"about":[{"href":"https:\/\/www.cralasabina.es\/index.php\/wp-json\/wp\/v2\/types\/page"}],"author":[{"embeddable":true,"href":"https:\/\/www.cralasabina.es\/index.php\/wp-json\/wp\/v2\/users\/1"}],"replies":[{"embeddable":true,"href":"https:\/\/www.cralasabina.es\/index.php\/wp-json\/wp\/v2\/comments?post=540"}],"version-history":[{"count":53,"href":"https:\/\/www.cralasabina.es\/index.php\/wp-json\/wp\/v2\/pages\/540\/revisions"}],"predecessor-version":[{"id":7411,"href":"https:\/\/www.cralasabina.es\/index.php\/wp-json\/wp\/v2\/pages\/540\/revisions\/7411"}],"up":[{"embeddable":true,"href":"https:\/\/www.cralasabina.es\/index.php\/wp-json\/wp\/v2\/pages\/368"}],"wp:attachment":[{"href":"https:\/\/www.cralasabina.es\/index.php\/wp-json\/wp\/v2\/media?parent=540"}],"wp:term":[{"taxonomy":"post_tag","embeddable":true,"href":"https:\/\/www.cralasabina.es\/index.php\/wp-json\/wp\/v2\/tags?post=540"}],"curies":[{"name":"wp","href":"https:\/\/api.w.org\/{rel}","templated":true}]}}