{"id":842,"date":"2014-09-05T16:43:27","date_gmt":"2014-09-05T14:43:27","guid":{"rendered":"http:\/\/cralasabina.wordpress.com\/?page_id=842"},"modified":"2024-09-24T06:50:20","modified_gmt":"2024-09-24T06:50:20","slug":"alumnos","status":"publish","type":"page","link":"https:\/\/www.cralasabina.es\/index.php\/calendario-escolar\/secretaria\/alumnos\/","title":{"rendered":"Alumnos"},"content":{"rendered":"<p><a href=\"https:\/\/drive.google.com\/file\/d\/1Jq-S_fomPh2IZtdlsF4C4ru4YYY70Gjp\/view?usp=sharing\">&#8211; Justificante ausencia alumnado.<\/a><\/p>\n<p><a href=\"https:\/\/drive.google.com\/file\/d\/1uVk-omGENNEUO2IjCw4_BBHLOe2rxkBU\/view?usp=sharing\">&#8211; Autorizaci\u00f3n im\u00e1genes.<\/a><\/p>\n<p><a href=\"https:\/\/drive.google.com\/file\/d\/1C_zs1NzqlEDXXUkW1w5ou3ghpivO1FGH\/view?usp=drive_link\">&#8211; Autorizaci\u00f3n salidas.<\/a><\/p>\n<p>\u00a0<\/p>\n\n\n<p><\/p>\n\n<div class=\"twitter-share\"><a href=\"https:\/\/twitter.com\/intent\/tweet?via=cralasabina\" class=\"twitter-share-button\">Twittear<\/a><\/div>\n","protected":false},"excerpt":{"rendered":"<p>&#8211; Justificante ausencia alumnado. &#8211; Autorizaci\u00f3n im\u00e1genes. &#8211; Autorizaci\u00f3n salidas. \u00a0<\/p>\n","protected":false},"author":1,"featured_media":0,"parent":356,"menu_order":2,"comment_status":"open","ping_status":"open","template":"","meta":[],"tags":[],"_links":{"self":[{"href":"https:\/\/www.cralasabina.es\/index.php\/wp-json\/wp\/v2\/pages\/842"}],"collection":[{"href":"https:\/\/www.cralasabina.es\/index.php\/wp-json\/wp\/v2\/pages"}],"about":[{"href":"https:\/\/www.cralasabina.es\/index.php\/wp-json\/wp\/v2\/types\/page"}],"author":[{"embeddable":true,"href":"https:\/\/www.cralasabina.es\/index.php\/wp-json\/wp\/v2\/users\/1"}],"replies":[{"embeddable":true,"href":"https:\/\/www.cralasabina.es\/index.php\/wp-json\/wp\/v2\/comments?post=842"}],"version-history":[{"count":3,"href":"https:\/\/www.cralasabina.es\/index.php\/wp-json\/wp\/v2\/pages\/842\/revisions"}],"predecessor-version":[{"id":6320,"href":"https:\/\/www.cralasabina.es\/index.php\/wp-json\/wp\/v2\/pages\/842\/revisions\/6320"}],"up":[{"embeddable":true,"href":"https:\/\/www.cralasabina.es\/index.php\/wp-json\/wp\/v2\/pages\/356"}],"wp:attachment":[{"href":"https:\/\/www.cralasabina.es\/index.php\/wp-json\/wp\/v2\/media?parent=842"}],"wp:term":[{"taxonomy":"post_tag","embeddable":true,"href":"https:\/\/www.cralasabina.es\/index.php\/wp-json\/wp\/v2\/tags?post=842"}],"curies":[{"name":"wp","href":"https:\/\/api.w.org\/{rel}","templated":true}]}}

<p><a href="https://drive.google.com/file/d/1Jq-S_fomPh2IZtdlsF4C4ru4YYY70Gjp/view?usp=sharing">&#8211; Justificante ausencia alumnado.</a></p>
<p><a href="https://drive.google.com/file/d/1uVk-omGENNEUO2IjCw4_BBHLOe2rxkBU/view?usp=sharing">&#8211; Autorización imágenes.</a></p>
<p><a href="https://drive.google.com/file/d/1C_zs1NzqlEDXXUkW1w5ou3ghpivO1FGH/view?usp=drive_link">&#8211; Autorización salidas.</a></p>
<p> </p>


<p></p>

<div class="twitter-share"><a href="https://twitter.com/intent/tweet?via=cralasabina" class="twitter-share-button">Twittear</a></div>

<p>&#8211; Justificante ausencia alumnado. &#8211; Autorización imágenes. &#8211; Autorización salidas.  </p>
